(h) + 2*i(h). Calculate n(w).
4
Let s = -1708 + 1715. Let z(x) = -x**2 + 6*x + 17. What is z(s)?
10
Let o(y) be the first derivative of y**5/40 - 5*y**4/24 + 41*y**3/3 - 13. Let s(v) be the third derivative of o(v). Determine s(5).
10
Let t(j) = j**2 - 6*j**2 + 2*j**2 + 4*j**2. Let f(w) = w**3 + 4*w**2 - w - 4. Let x(h) = f(h) + 2*t(h). Let r be (-9)/(-2)*(-8)/6. What is x(r)?
2
Let x be 12/(-9)*90/(-40). Let g(s) = -2*s - 4. Determine g(x).
-10
Let l(v) = 5*v**3 - v + 1. Suppose -4*w = -3*m - 24, 4*m + 2*w + 2*w + 32 = 0. Suppose t + 63 = 8*t. Let g = m + t. Give l(g).
5
Let y(g) be the third derivative of 3*g**5/10 - 111*g**2. Determine y(-1).
18
Let q(r) = r**3 + 6*r**2 - 6*r + 20. Let w be q(-7). Suppose 4*v = 4*f - 28, 4*f + v + 0*v = w. Let c(t) = -t**2 + 4*t - 5. What is c(f)?
-5
Let i(m) = -m + 3. Let c(p) = -4*p + 14. Suppose -4*b - 11 = -3*x, b + 0 = -x - 8. Let z(k) = x*c(k) + 14*i(k). Let h = -5 - -3. What is z(h)?
4
Let j(y) be the first derivative of 1/4*y**4 + 3*y + 2*y**2 + y**3 + 30. Give j(-2).
-1
Let d(t) be the second derivative of -t**3/6 + 6*t**2 - 9*t + 14. Suppose -6 + 2 = 4*b. Let k be (-1 - 0)/(b/5). Determine d(k).
7
Let s(y) = 7*y + 5. Let n be 30/(-7) - (-68)/238. Give s(n).
-23
Let b(z) be the second derivative of z**4/12 - z**3 + z**2 - z. Let s be 219/15 - 2/(-5). Let x = 19 - s. Calculate b(x).
-6
Let l(a) = -7*a - 1. Let z(t) be the third derivative of -t**4/24 - 5*t**2. Let d(n) = -l(n) + 3*z(n). Calculate d(-2).
-7
Let q(p) = -p**3 - 3*p**2 + 7*p + 10. Let j be ((-4)/(-10) + -2)/(8/20). Let z be q(j). Let k(n) = 3*n**3 + n**2 - 4*n**3 - 4*n + 5*n. Determine k(z).
10
Let o(x) = 7*x**2 + 8*x + 5. Let p(l) = 2*l**2 + l + 1. Let i(h) = -o(h) + 4*p(h). Suppose -3*u + u + 2 = -4*f, 0 = 2*u - f - 5. What is i(u)?
-4
Let c(i) = -6*i**3 - 3*i**2 + 6*i. Let d(s) = -s**3 + s**2 + s. Let m(u) = -c(u) + 5*d(u). Give m(-8).
8
Let f(c) = 7*c**3 + c**2 + c + 1. Let s be f(-1). Let q(b) = 5*b**2 - 33*b - 7. Let k(t) = -t**2 + 8*t + 2. Let r(y) = 9*k(y) + 2*q(y). Calculate r(s).
4
Let p(o) = -1. Let k(c) = c**2 - 4*c - 10. Let i(h) = -k(h) + 4*p(h). Suppose 7*n + 5*v = 5*n + 5, 4*n = 3*v + 23. Calculate i(n).
1
Let d(i) = -78*i**3 - 13*i**2 + 3. Let s(g) = 24*g**3 + 4*g**2 - 1. Let c(w) = 2*d(w) + 7*s(w). Let r = -3 + 2. Give c(r).
-11
Let q(u) = -3*u**3 + 2*u**2 + 2*u - 2. Let m be q(-2). Let v = m + -27. Let s(z) = 3*z**3 - 2*z**2 + 1. Calculate s(v).
-4
Let d(b) = 2 + 0 - 9*b + 4 + b**2 - 8. Calculate d(9).
-2
Let d = 1 + 1. Let h(f) = -10*f**3 + 26*f**2 - 5*f. Let q(j) = -2*j**3 + 5*j**2 - j. Let b be ((-12)/9)/(2/(-3)). Let n(z) = b*h(z) - 11*q(z). Determine n(d).
6
Let s(p) = 11*p + 12. Suppose 2*v - 469 = -473. What is s(v)?
-10
Let c(g) = g**2 - 18*g + 4. Let h be ((-65)/35 + 1)/(2/(-42)). Determine c(h).
4
Let t(b) = -216*b**3 + 426*b**3 - 209*b**3 - 6*b**2 - 6 + 7*b. What is t(4)?
-10
Let m(l) = 3*l + 2. Let p be m(10). Suppose 0 = -6*r + 4 + p. Let q(h) = -h**2 + 8*h. Calculate q(r).
12
Let z(i) = -11*i**2 + 8*i - 15. Let a(u) = 2*u**2 + 3. Let v(k) = 5*a(k) + z(k). Calculate v(7).
7
Let u(n) = -2*n**3 + 5*n**2 - 2*n + 1. Let z(f) = 2*f**2 - 4. Let p = -28 - -26. Let r be z(p). Suppose r*d = -0*d + 12. What is u(d)?
-14
Let y(q) be the second derivative of q**4/6 + q**3/2 - 10*q. Give y(-2).
2
Let x(q) = 4*q + 10. Suppose -5*v - 13 - 7 = 0. What is x(v)?
-6
Let r(a) = 2*a**2 - a - 1. Suppose -16 = 2*p + 3*s - s, -3*p - 12 = -s. Give r(p).
54
Let n(a) = -124*a**2 - 4*a - 53 + 76*a**2 - 19*a + 47*a**2. Calculate n(-20).
7
Let y(h) = 931 + 8*h - 470 - 463. Give y(1).
6
Let w(h) = -2*h**3 + h**2 + 3*h + 2. Let r = -273 - -271. Determine w(r).
16
Let i(g) = -g**2 + 3*g + 1. Let w = 3 - -6. Let d(r) = r**2 - 4*r - 7. Let j be d(6). Let f = w - j. Give i(f).
-3
Let b(z) = -z**3 + 6*z**2 - 2*z - 3. Let a be 48/(-20)*(-30)/9. Suppose 2*s + 4*k = 16, s + a*k = 5*k + 9. Calculate b(s).
-15
Let l(i) = i**3 - 7*i**2 + 7*i - 6. Let z(d) = d**2 + 7*d - 4. Let u be (-180)/25 + 2/10. Let r be z(u). Let g = 2 - r. Determine l(g).
0
Let x be 2/9*36/8. Let h(q) = -q**3 - 6*q**2 + 8*q + 9. Let c be h(-7). Let t(d) = -6*d**3 + 0*d**3 - 4*d**2 + 5*d**c. Determine t(x).
-5
Let s(b) = b**3 - 3*b**2 + 6*b - 4. Let q(m) = -2*m - 6. Let o be q(-4). Let a be s(o). Let z(l) = -l - 3. Give z(a).
-7
Let n(q) be the second derivative of 5/12*q**4 + 1/20*q**5 + q**2 + 0 + 2/3*q**3 - 3*q. Calculate n(-4).
2
Let f(i) = -i**3 + 4*i**2 + 5*i + 4. Let r be (-4)/8 + 18/4. Let x be (-2 - -6) + 3 - r. Suppose 3*t + 22 = 5*t + 4*j, x*j = -5*t + 34. What is f(t)?
4
Let j(y) be the first derivative of -y**4/4 - 6*y**3 - y**2 - 38*y + 575. Calculate j(-18).
-2
Let x = 11964 + -11957. Let w(k) be the first derivative of k**2/2 - 2*k + 1. Determine w(x).
5
Let x(i) = i**3 + 11*i**2 - 25*i + 9. Let m(d) = 10*d + 57. Let a be m(-7). What is x(a)?
-4
Let s(y) be the third derivative of y**4/6 + y**3/6 - y**2 + 5. Suppose 0 = -4*h - 4*c - 36, 3*c + 13 = -h - 6. Determine s(h).
-15
Let b(y) = -y**3 + 7*y**2 - 7*y. Suppose 0 = -2*g + 3*l + 4 - 0, 0 = -g - 3*l + 11. Calculate b(g).
15
Let n be ((-1)/2)/(2/(-8)). Let i(y) = 2*y - 7. Let k(g) = -2*g + 6. Let l(w) = -w**2 - 10*w - 13. Let p be l(-8). Let q(v) = p*i(v) + 4*k(v). Determine q(n).
-1
Suppose 2*m + 15 = -m. Let l(p) = -10*p - 5 + 8*p - 4*p + p. Determine l(m).
20
Let o(n) = -n**2 + 15*n + 14. Let p = -710 - -726. Determine o(p).
-2
Let v(h) = h**3 + 3*h**2 - 5*h - 6. Suppose z + f + 0 = 3, -f = 5*z - 11. Let m(c) = -2*c**2 + 2*c. Let u be m(z). Calculate v(u).
-2
Let g(d) = -6 - d + 16 - 16. Let n(i) = -i. Let b(f) = -g(f) + 2*n(f). Give b(0).
6
Let k(c) be the second derivative of c**3/3 + 7*c**2/2 + 14*c. Give k(-7).
-7
Let q = 0 - -2. Let l(u) = -2*u**2 - 2*u**2 + q*u**2. Suppose 5*b - 10*b + 10 = 5*a, 0 = -a + 3*b + 2. What is l(a)?
-8
Let t(a) be the third derivative of -a**5/60 - 3*a**4/4 - 4*a**3 - 4*a**2 - 5*a. Determine t(-17).
-7
Let y(x) = -2*x**2 - 1. Let a(p) = p**3 + 5*p**2 - p + 5. Let i be a(-5). Suppose -i = 3*c - 7. Determine y(c).
-3
Let r(z) = -z**3 - 3*z**2 + 5*z - 2. Let n be r(-4). Let v = -55 + 58. Let l(w) = v + 5*w**2 - 5*w - 5 + w**3 + 8 + 0*w**2. Determine l(n).
0
Let f(d) = 2*d**3 - d**3 + 0 - 5*d**2 + 5*d - 4. Let r be f(4). Let i(u) = -43*u + 44*u + 0 + 0 + 5. Determine i(r).
5
Let n(k) = 4*k**2 - 32*k + 14*k - 9 + 12*k - 2*k**2 + 18*k. Determine n(-6).
-9
Let l(v) be the second derivative of -v**7/2520 - v**6/240 - v**5/60 + v**4/4 + 10*v. Let a(b) be the third derivative of l(b). Determine a(-4).
-6
Suppose 0 = -2*g + 2, 2*x - 6*g = -3*g - 13. Let t(u) = u**3 + 5*u**2 - 2*u - 6. Determine t(x).
4
Suppose -3*x + 7 = -4*y, 5*x - 20 = 3*x - 5*y. Let f(n) = 5*n**2 + 5*n + 5. Let d(z) = -3*z**2 + 1. Let c(i) = -2*d(i) - f(i). Calculate c(x).
-7
Suppose -2*w = -0*w. Let t(l) be the third derivative of l**4/24 - 5*l**3/6 + 5*l**2. Determine t(w).
-5
Let f(l) = -2*l - 4. Suppose 3*q - 14 - 16 = 0. Suppose 12 = -6*k + q*k. Give f(k).
-10
Let d(g) = 3*g**3 - 1 - 6*g**2 + 12*g**2 - 4 - 4*g**3. Suppose -4 = -x + 2. Let u be d(x). Let q(c) = -c**2 - 5*c - 1. Give q(u).
-1
Suppose 3*u - 4*y + y = -3, -9 = 4*u - 5*y. Suppose 5 = 5*n + 2*b - u*b, 3*n + 4*b - 29 = 0. Let h(o) = 7*o - 4. Determine h(n).
17
Suppose -4 = n - 7. Let k(g) = 7*g + 2*g**2 - 2*g - 4 - n*g. Determine k(-3).
8
Suppose 3*b + 0*l = -2*l - 12, 24 = -5*b - 2*l. Let i(k) be the first derivative of k**3/3 + 3*k**2 + 8*k + 558. Determine i(b).
8
Suppose 0*c + c = 1. Let p(j) = -j**3 + 3*j**2 - j + 4. Let d be p(3). Let x(t) = -t**3 - d + 3*t - t - 6*t**3 - t**3. Determine x(c).
-7
Let s(t) = -t - 5. Let k(n) = -8*n**2 - n + 4. Suppose -2*o + 2*r = -6, -o + 6 = -3*r - r. Let v be k(o). Let b = v - -26. Calculate s(b).
-1
Let q = 139 - 139. Suppose -17 = -3*i - q*m - 2*m, -4*m + 7 = 3*i. Let x(w) = w - 2. What is x(i)?
7
Let o(d) = 6*d**2 + 0*d - d**3 + 2*d - 8 + 6*d. Let j be o(7). Let a(y) be the second derivative of y**5/20 - y**4/12 - y**3/3 - y**2/2 - 306*y. Determine a(j).
-1
Suppose -2*i + 14 = 3*t - 0*i, 5*i = -2*t + 24. Suppose 4*w - 6 - t = 0. Let n(l) = -6*l**2 - l - 4 + 4*l**2 + 0*l**2 + l**w. Determine n(-4).
-16
Let f(u) be the third derivative of u**5/60 - u**4/4 - 11*u**3/6 - 141*u**2. What is f(10)?
29
Let l